 + u = b + 3*b, 0 = b + 2*k - 185. List the prime factors of b.
3, 59
Let z = 769 + -15. List the prime factors of z.
2, 13, 29
Suppose 2*u - 13 = -x, 6*u = 2*u + 4*x + 8. Suppose -u*i = -0*i - 890. Suppose 62 - i = -2*d. What are the prime factors of d?
2, 29
Let v = -3 + 6. Suppose v*h - h = 52. List the prime factors of h - (0 + 1/1).
5
Suppose 104 - 1014 = -7*r. What are the prime factors of r?
2, 5, 13
Let q(x) = -21*x + 28. Suppose -4*s = -0*s - 4*p + 16, -3*p + 7 = -2*s. Let y(v) = 11*v - 14. Let d(o) = s*y(o) - 3*q(o). What are the prime factors of d(7)?
2, 3, 7
Let z = 76 - 72. Suppose -z*p = p - 680. What are the prime factors of p?
2, 17
Let n(t) = 14*t - 6. Suppose -2*w + 2 + 2 = 0. Suppose -v = 2*c + v + w, -2*v + 2 = 3*c. What are the prime factors of n(c)?
2, 5
List the prime factors of (1490/6)/((-16)/(-48)).
5, 149
Let o(x) = -x + 1. Let u be o(9). Let m = u + 10. Suppose 0*r - 2*r - 4*v + 70 = 0, 0 = 5*r - m*v - 115. List the prime factors of r.
5
Suppose -o + 15 = t + t, -5*o + 2*t + 15 = 0. Suppose 6 = -o*h + 111. List the prime factors of h.
3, 7
Let g(q) = 2*q - 10. Let o be g(7). Suppose 4*s = -0*s + 160. Suppose -u + s = o*u. What are the prime factors of u?
2
Let j(n) = -n - 1. Let x(i) = -i**3 + 10*i**2 + 6*i + 2. Let a(f) = 3*j(f) + x(f). What are the prime factors of a(10)?
29
Let g = -2159 - -4837. What are the prime factors of g?
2, 13, 103
Suppose -19*f - 746 = -21*f. Suppose -3*w + f + 81 = -k, 2*k = -8. List the prime factors of w.
2, 3, 5
Let n(w) = -w + 2. Let o be n(-2). Let s be (-1)/(-2) + (-2)/o. Suppose -t = -s - 19. What are the prime factors of t?
19
Let p be (1 - (6 - 0))*-1. Suppose 0 = -r - p + 14. What are the prime factors of r?
3
Let s be (0 + 1 + 0)*5. Let d = s - -4. Suppose 2*a - d - 15 = 0. What are the prime factors of a?
2, 3
Let y = -76 - -116. Let z be (-8)/10 - (-72)/y. List the prime factors of 237/6 + z/(-2).
3, 13
Suppose 8022 + 2788 = 46*n. What are the prime factors of n?
5, 47
Suppose -5*k + 3*a = 0, 2*k - 3*a = -k - 6. Suppose -4*w - v + 343 = 0, 2*w - v - 422 = -k*w. List the prime factors of w.
5, 17
Let x(k) = k**2 + 6*k + 4. Let s be x(-5). What are the prime factors of -1 + 3 + (s - -5)?
2, 3
Suppose -5 = 2*s - 19. Suppose 5*b - 5*i + 125 - 825 = 0, -380 = -3*b - 5*i. Suppose -2*g - b = -s*g. What are the prime factors of g?
3
Suppose -5*o + 28 = -2*q, 2*o - 3 = 3*q + 17. Let y be (-61)/o + 1/4. Let n = 36 + y. What are the prime factors of n?
3, 7
Let q be ((-8)/10)/((-2)/25). Let t = q - -8. What are the prime factors of t?
2, 3
Let i = -3259 - -6056. What are the prime factors of i?
2797
Let l = 60 - 150. Let x = l - -134. What are the prime factors of x?
2, 11
List the prime factors of (-90)/(-36)*((-570)/1)/(-3).
5, 19
Let j(h) = 18*h**2 + 14*h + 6. List the prime factors of j(4).
2, 5, 7
Let w = -251 + 513. What are the prime factors of w?
2, 131
Let b = -1206 - -1752. List the prime factors of b.
2, 3, 7, 13
Suppose k + 40 = 5*k. Suppose -3*w + k*w = 959. List the prime factors of w.
137
Let j(a) = -43*a - 515. List the prime factors of j(-14).
3, 29
Let u = 40 + -28. Let k = -6 + u. Suppose -k*i = -4*i - 84. List the prime factors of i.
2, 3, 7
Suppose -580*n - 3189 = -583*n. What are the prime factors of n?
1063
Let n(m) = m**3 + 4*m**2 - 4*m - 8. Let i be n(6). Suppose 4*x = h + 308, -3*x - 4*h = x - i. What are the prime factors of (x - 14)*(1 - 0)?
2
What are the prime factors of 1131 + ((-12)/(-4) - 3) + -3?
2, 3, 47
Let n be (5/2)/(1/14). Let q = n - 3. What are the prime factors of q?
2
Let a be (3 + -4)/(3 + 21/(-6)). Suppose -2*n + 5*n + a*g - 438 = 0, -g + 146 = n. What are the prime factors of n?
2, 73
Suppose -5612 - 958 = -9*p. What are the prime factors of p?
2, 5, 73
Let j be 5*(-3)/((-30)/4). Suppose 348 = j*u + 4*u. What are the prime factors of u?
2, 29
Suppose 11*c - 4*c = 35. Suppose c*m - 25 = 4*m. Suppose -4*a + m = a, -5*a = -2*v + 9. What are the prime factors of v?
17
Let w = 86 - 149. Let z = -22 - w. What are the prime factors of z?
41
Let c = -15 + 18. Let n be (-2 + c)/((-1)/(-9)). Suppose n*b = 14*b - 210. What are the prime factors of b?
2, 3, 7
Suppose 0 = -2*o + 930 + 16. What are the prime factors of o?
11, 43
Let n be 102/(-8)*(-16)/6 + 3. Suppose 245 = 2*t + n. What are the prime factors of t?
2, 13
Suppose 3*x + 0*x - 9 = 0. Suppose 2*q - 134 = 4*a, -3*q + x*a = -q - 131. What are the prime factors of q?
61
Let v(o) = o**3 + 8*o**2 + 8*o + 17. Let q be v(-7). Suppose 3*m - 5 = 22. What are the prime factors of q + -7 + (m - 0)?
2, 3
Let q = 4295 - 2140. What are the prime factors of q?
5, 431
Let b = 155 + -138. Suppose 10*u - b*u = -1918. What are the prime factors of u?
2, 137
Suppose -s + x = -14, 0*x + 4*x = -s + 14. Suppose -d + s = -40. What are the prime factors of d?
2, 3
Let j be (-16 - -75)*(0 - 2). Let n = 167 + j. List the prime factors of n.
7
Let d(k) = -2*k - 5. Let s(b) = -6*b**3 - b + 1. Let w be s(1). Let j be d(w). What are the prime factors of (j + -39)*(-1 - 0)?
2
Let k be ((-10)/5)/(2/(-4)). Suppose -7*m + 315 = -3*m + n, k*n = m - 66. Let c = m + -43. What are the prime factors of c?
5, 7
Let v = 115 - 140. Let w = 268 - v. List the prime factors of w.
293
Suppose 0*t - 2 = -h - 4*t, 4*h + 4*t = 44. Let c(w) = -w**2 + 19*w - 10. List the prime factors of c(h).
2, 3, 5
Suppose 0 = -0*y - 2*y - 80. List the prime factors of ((-34)/(-8))/((-10)/y).
17
Let a be 0 + (117 - 1) + 4. Suppose -3*z + 93 = 2*l + 2*l, -5*l + a = 3*z. What are the prime factors of l?
3
Let v be ((-9)/(-2))/((-11)/66). Let x = v + 87. List the prime factors of x.
2, 3, 5
Let a = 112 - -2121. What are the prime factors of a?
7, 11, 29
List the prime factors of 611/(-188)*(1 + -297).
2, 13, 37
Let a(h) = -4*h**3 - 2*h**2 + 4. Suppose 3*k = 6*k - 6. Let u be a(k). Let t = 68 + u. List the prime factors of t.
2
Suppose 53924 = 50*p - 61776. What are the prime factors of p?
2, 13, 89
Suppose 0 = 5*f + 7 + 3, 0 = -5*b - 2*f + 11. Suppose -q = -3, p + 4*q = b*q + 8. Suppose -5*k + 185 = p*z, 4*k - 3 = -19. What are the prime factors of z?
41
Let q(m) be the first derivative of -15*m**2 + 8*m + 23. List the prime factors of q(-3).
2, 7
Let m be (10/6 + -1)/((-4)/(-138)). Let n = 24 + m. What are the prime factors of n?
47
Suppose 0 = -43*j - 4435 + 42232. What are the prime factors of j?
3, 293
Let o = -43 + -12. Suppose 0 = 3*r - r - 4, -4*v + 402 = 3*r. Let h = o + v. List the prime factors of h.
2, 11
Let h be (-3)/6*(-11 - 345). List the prime factors of (-1)/2*h/(-1).
89
Let u = 488 - 385. What are the prime factors of u?
103
What are the prime factors of (-1100)/75*(102/(-4) - 0)?
2, 11, 17
Suppose -3*b = 5*u + 4, -4*b - 3*u - 1 = -3. Suppose -5*j - 4*s = -656, -s = b*s + 3. What are the prime factors of j?
2, 3, 11
Suppose 3*l - 18 = -4*s, -3*l + 11 = l + s. Suppose -2*a + b + 80 = 0, -2*a - 3*b + l*b = -72. What are the prime factors of a?
2, 19
Suppose 3*j - 170 - 55 = 0. Let y = j - 36. Let z = -16 + y. What are the prime factors of z?
23
Let n = 679 + 2107. List the prime factors of n.
2, 7, 199
Let g(n) = 7*n**3 - 3*n**2 - 5*n - 7. Let m be g(-3). Let j = -50 - m. List the prime factors of j.
2, 79
Let n(x) be the third derivative of -x**6/120 + x**5/6 + x**4/24 - 7*x**3/6 + 4*x**2. What are the prime factors of n(10)?
3
Suppose 8 = 4*a + z, -a + 7*z = 3*z - 19. Suppose -4*k = 5*p, 5*p + a*k = 2 + 3. Suppose 0 = -10*f + p*f + 144. List the prime factors of f.
2, 3
Let z be 4*(20/(-8) + 3) - -123. Let c = -88 + z. List the prime factors of c.
37
Let z be 1/((-5)/((-720)/4)). Let p = -31 + z. Let s(c) = -c**3 + 8*c**2 - 5*c - 8. List the prime factors of s(p).
2, 3, 7
Let u = -35 + -24. Let x = 20 - u. Let b = -56 + x. What are the prime factors of b?
23
Let f(z) = -17*z - 15. Let u(c) = 18*c + 16. Let t(p) = -6*f(p) - 5*u(p). List the prime factors of t(6).
2, 41
Let q(d) = 22 + 144*d - 6 - 18. List the prime factors of q(2).
2, 11, 13
Suppose -5*y + 4*r = -3624, 3*y - 8*y = 3*r - 3652. Suppose -8*c - y = -2*d - 6*c, -3*d = -c - 1082. List the prime factors of d.
359
Let d(f) = f**2 + 6*f - 5. Let g be d(-5). Let o be (-3 - 26/g)*-5. Suppose -o*z = 4*m - 22, -z + 5 = m - 5. List the prime factors of z.
3
Suppose -6*l - l = -1841. S